
0
Let q(u) be the second derivative of -u**5/120 - u**4/8 + 59*u**3/6 + 2*u + 7. Let y(n) be the second derivative of q(n). Give y(0).
-3
Let i = -6301 - -6292. Let p(j) = -j + 12. What is p(i)?
21
Let d(h) = -8*h + 126. Let s(i) = -38*i + 505. Let o(w) = 9*d(w) - 2*s(w). Give o(-30).
4
Let w be (-12)/5*9/(27/15). Let h = -14 - w. Let l(r) be the second derivative of r**4/6 - r**3/6 - r**2/2 + 18*r. Determine l(h).
9
Let p(s) be the second derivative of -s**4/12 + 8*s**3/3 - 19*s**2/2 + 3122*s. Determine p(0).
-19
Let o(z) be the second derivative of z**5/60 - z**4/12 + 65*z**3/6 + 107*z. Let d(q) be the second derivative of o(q). Give d(-2).
-6
Let t = 22 - 19. Suppose 5 - 43 = -t*j + 4*y, 0 = j + 2*y - 16. Let i(d) = 22*d - j*d - 6 - 16*d. Give i(-4).
26
Let v = -14 + 13. Let a(f) be the third derivative of f**5/60 - f**4/24 - f**3/6 + 203*f**2. Give a(v).
1
Suppose p + 6*f = 9*f - 17, -10*p = -3*f - 46. Let b(v) = -21*v + 130. Give b(p).
-17
Let i(u) = u**3 + 5*u**2 - 13*u - 5. Suppose 0 = 49*o - 668 + 962. Give i(o).
37
Let s(q) = 2*q**2 - 42*q + 25. Let x(c) = -c**2 + 20*c - 12. Let z(j) = -2*s(j) - 5*x(j). What is z(16)?
10
Suppose -509*h + 261*h + 256*h - 32 = 0. Let k(a) be the third derivative of -a**5/20 + a**4/12 + a**3/3 + 2*a**2. What is k(h)?
-38
Let j(i) = -3*i**2 - 2*i + 1. Let y be (-2 - -8 - -2) + 4 + -9. Suppose -3*s = -y - 0. What is j(s)?
-4
Let x(z) = -z**2 - 2*z - 21. Let u be x(0). Let s = -13 - u. Let k(y) = s*y + 1 + 11*y - 9*y. Calculate k(-1).
-9
Let g(a) be the first derivative of 216 - 1/2*a**2 - 9*a. Calculate g(-12).
3
Suppose -73*y - 504 = 53*y - 42*y. Let q = -1 + 4. Let d(k) = -2 + q - 2 - 2*k + 3. Determine d(y).
14
Let w be -1*8 - (-561)/51. Suppose -3*i = 5*h + 16, -2*i - h = -w*i + 8. Let d(c) = -6*c + 3. What is d(i)?
-15
Let k = 17 - 15. Let i(p) = 3 - 3*p - p - 6 + 0*p**2 - 2*p**k. Let q(m) = -m**2 + 4*m + 18. Let n be q(-3). Calculate i(n).
-9
Let j(v) = -29*v**3 - 3*v**2 - 8*v - 14. Let q(y) = -15*y**3 + y**2 - y + 2. Let n(k) = -j(k) + 2*q(k). Calculate n(5).
48
Let m(f) = -9*f**3 - 17*f**2 + f - 3. Let c(v) = 5*v**3 + 9*v**2 + v + 1. Let l(x) = -7*c(x) - 4*m(x). Calculate l(-7).
-16
Let m(d) be the third derivative of -d**5/60 + 7*d**4/24 - d**3 + 44*d**2. Let b be m(6). Suppose -17*u - 6 + 23 = b. Let q(l) = -l + 1. Calculate q(u).
0
Let r(u) be the first derivative of -u**4/2 + 6*u**3 + 7*u**2 - 3*u - 719. What is r(10)?
-63
Let n(q) be the second derivative of q**3/3 - 13*q**2 + 674*q + 2. What is n(13)?
0
Let d = -264 + 494. Let n = 222 - d. Let j(u) = u**2 + 9*u - 10. Calculate j(n).
-18
Let h(r) = -10*r**3 - 8*r**2 + r - 31. Let y(u) = 21 + 5*u**2 + 12*u**3 + 4*u**3 - 9*u**3. Let b(t) = 5*h(t) + 7*y(t). Give b(-6).
-2
Let n(k) = -k**3 - 2*k**2 + k + 1. Let f(z) = z**2 + 627*z + 5562. Let a be f(-9). Calculate n(a).
1
Let x(n) = 5*n**2 + 13*n - 4. Let y(a) = -3*a**2 - 7*a + 2. Let v(w) = 4*x(w) + 7*y(w). Let m(h) = 5*h + 28. Let d = 92 + -97. Let j be m(d). Calculate v(j).
-2
Let n(k) = -2*k**2 - 9*k + 18. Let z(s) = -729*s + 3640. Let b be z(5). Give n(b).
13
Let p be 4 + -4*(-3 - 3). Suppose -10*r + 14*r = p. Let n(c) = -7*c**2 + 12. Let t(d) = 8*d**2 - d - 13. Let i(l) = r*n(l) + 6*t(l). What is i(-8)?
-10
Let n(j) = 10*j**2 + 33*j - 140. Let m be n(-6). Let w(h) = -5*h + 78. Calculate w(m).
-32
Let x = -36 + 38. Let v(f) = -2*f**2 - 24*f - 20. Let p be v(-11). Suppose -5*j - 2 = -7, -s = -x*j + p. Let r(d) = -d**3 + d**2 + d - 5. Calculate r(s).
-5
Let x be (-58)/3*(168/(-16) + 9). Suppose -2*g - x = -5*b - 62, -5*b - 21 = g. Let i(s) = s + s + 5 + 0*s. Calculate i(b).
-5
Let t(y) be the first derivative of -y**3/3 - 9*y**2/2 + y - 1. Suppose f - 17 = 2*u, 6*u - 8*u - 20 = -4*f. What is t(u)?
9
Let v(g) = -4*g**2 - 11*g - 10. Let j(s) = -4*s + 85. Let d be j(22). Let k(l) = -11*l**2 - 32*l - 29. Let h(p) = d*k(p) + 8*v(p). What is h(-6)?
-5
Let l = -448 - -460. Let m be (-40)/48 - (2/l - 0). Let z(y) = -17*y + 1. What is z(m)?
18
Let x(y) = -3*y**2 + 4*y - 1. Let n = 654 + -431. Let l = n + -220. Determine x(l).
-16
Let m(f) = -3*f - 7. Let h be m(-7). Let j(g) = 2*g + h*g**2 + 17*g**2 - 3 + 4 - 30*g**2. What is j(-3)?
4
Let i be 7/2 + (-2)/4. Let h(g) = -3*g**2 - 7. Let k(n) = 7*n**2 - n + 16. Let m(b) = 5*h(b) + 2*k(b). Calculate m(i).
-18
Let x(s) = 13*s**2 + 39*s + 29. Let b(g) = 4*g**2 + 13*g + 9. Let q(z) = -10*b(z) + 3*x(z). Determine q(-14).
-17
Let n(a) = a**3 + 18*a**2 + 17*a - 11. Let i be 1/(64/(-510) - 6/(-90)). Give n(i).
-11
Let x(l) = -2 - 28*l**2 + 39*l - 38*l + 2*l. What is x(1)?
-27
Let b = 9 - 7. Let x(s) = -3*s**3 - 2*s**2 - s. Let d(q) = 4*q**3 + 9*q**2 - 3*q + 2. Let z(l) = -d(l) - 2*x(l). Give z(b).
4
Let i(h) = -3*h**2 + 10*h - 39. Let o = -1376 - -1380. Calculate i(o).
-47
Let o(r) = 6*r**3 - r**2 - 3*r - 5. Suppose -15 = 9*s + 3. Let t(m) = 14*m**3 - 2*m**2 - 6*m - 11. Let j(z) = s*t(z) + 5*o(z). What is j(3)?
33
Let u(t) = -47 + 2*t - 11*t + 2 + 18*t. Give u(7).
18
Let p(q) = -2*q**2 + 7*q. Let z be (-14)/(-49) - (-141)/21. Let g(x) = x**2 - 5*x. Let m(h) = z*g(h) + 5*p(h). Let j = -127 + 125. What is m(j)?
-12
Suppose 13 = 4*q - c, 2*c + 13 = -q + 5. Let b be (q + -3)*-2 + -7 + -1. Let j(t) = -t**2 - 8*t - 9. Calculate j(b).
3
Suppose -4*j + 34 = 2*u, 2*u + 1751 = 1757. Let v(c) = c**3 - 4*c**2 - 9*c - 19. Give v(j).
65
Let n be (4278/248)/((-1)/(64/(-6))). Let b(x) = n - 188 + 2*x**2 - 3*x**2 - 9*x. Calculate b(-9).
-4
Let w(f) = -7*f - 19. Let q be (10/(-5))/((-82)/(-123)). Determine w(q).
2
Let c be ((-1)/(-1))/(1/4). Let h(d) = d - 1. Let q(n) = -3*n + 2. Let w be 4/(20/(-15)) + 1. Let b(z) = w*q(z) - 5*h(z). Determine b(c).
5
Let s(a) = 14 + 85*a + 91*a + 87*a + 85*a - 353*a. Let x be 4/10 + (-18)/(-5). What is s(x)?
-6
Let t(s) be the second derivative of 6*s + 0 + 0*s**3 - 1/20*s**5 + 1/3*s**4 - 1/2*s**2. Suppose -27 + 35 = 2*v. Determine t(v).
-1
Let b(z) = z**3 + 4*z**2 - 61*z + 14. Let u be b(6). Let m(v) = 152*v**2 - 1 - 151*v**2 - 9*v + 3. What is m(u)?
-6
Let s be (2 - (-7)/(-4)) + (-2349)/(-108). Let d(t) = -t**3 + 23*t**2 - 21*t - 27. Let k be d(s). Let m(o) = -o - 7. Give m(k).
-2
Let q(f) = -1211*f**2 + 0 + 601*f**2 + 0 - 14*f - 2 + 609*f**2. Calculate q(-12).
22
Let v(c) = 2*c + 5568*c**3 + 5574*c**3 - 11141*c**3 - 6*c**2 + 10. Determine v(4).
-14
Let c(h) be the second derivative of -h**4/12 + 4*h**3/3 - 5*h**2 - h. Let o(m) = -187*m - 20191. Let d be o(-108). Calculate c(d).
5
Let m(z) = 82*z - 3 - 37*z - 30*z**2 - 47*z. Let i(r) = 30*r**2 + r + 2. Let g(d) = 3*i(d) + 2*m(d). Calculate g(1).
29
Let j(p) = -p**2 + 8*p - 9. Let m = 33 - 17. Suppose -3*k = 2*c - m, -11 = k + 5*c + 1. Determine j(k).
-9
Let j be ((-208)/36 - -6)*18. Let i(f) = 5*f**2 + 9*f - 6. Let x(m) = -6*m**2 - 10*m + 8. Let u be (20/12*3)/1. Let h(r) = j*x(r) + u*i(r). What is h(-5)?
2
Let l(m) = -1 + 2 + 1 + m**2 - 8*m. Let n = 12884 + -12876. Give l(n).
2
Suppose -2*y - 10 = -18. Suppose 6*r - y*x = 4*r + 6, -2*r = -x - 21. Let l(p) = -4*p + 0*p - r*p**2 + 1 + 2*p + 0. Calculate l(1).
-14
Let o(h) = -5*h + 157. Let b be o(32). Let k(j) = 3*j**2 - j - 23. Let y be k(b). Let l(f) = -f**3 + 6*f**2 + 8*f + 7. Calculate l(y).
14
Let t = 510 + -509. Let b(i) = -i**2 + 1. Let d(a) = 1. Let l(q) = 4*b(q) - 3*d(q). What is l(t)?
-3
Let f(m) be the second derivative of 6 - 8 + 2*m**3 + 2 + 10*m + 3 + 7. Give f(1).
12
Let m(u) = 19*u**2 - 185*u + 9 + 192*u + 12 - 14. What is m(-1)?
19
Let w(k) = -k**3 - 5*k**2 - 5*k - 6. Let n be w(-4). Let g = -54 - -62. Let u(x) = g*x - 5 - 2*x + 2 - 8*x. Give u(n).
1
Let g(h) = 6*h**2 - 652 - 5*h**2 + 325 + 321 - 3*h. Let j(s) = s**2 - 3*s - 5. Let t be j(5). Calculate g(t).
4
Let m(y) = y - 12. Suppose 2*d - 2*u + 8 = 0, 8*d - 5*d - 5*u + 22 = 0. Let w be ((-12)/(-8))/(2*d/16). What is m(w)?
0
Let r(s) = 2*s**2 + 20*s + 4. Suppose 0 = 4*k - 3*m + 7 + 39, k = -m - 8. Calculate r(k).
4
Let i(h) be the second derivative of h**4/12 - h**3/2 - 5*h**2/2 + 2961*h. Let p(v) = -v**3 + 8*v**2 - 8*v + 12. Let o be p(7). Calculate i(o).
5
Let l(u) = 5*u - 3. Let k(q) = q - 1. Let v(m) = -22*k(m) + 4*l(m). Suppose 314*z - 297*z = 85. Determine v(z).
0
Let j(t) be the first derivative of 5/2*t**2 + 8 - 1/6*t**3 + 2*t. Let f(q) be the first derivative of